 a(y) = 4*y**3 + 7*y**2 - 103*y + 216. What is a(8)?
1888
Let n(d) = -9621*d + 96235. What is n(10)?
25
Let q(m) = 5*m**3 - 125*m**2 + 643*m - 183. Determine q(16).
-1415
Let v(f) = -f**3 - 470*f**2 - 43335*f + 1116. Determine v(-126).
-18
Let v(w) = -23*w**2 + 114*w + 341. Calculate v(7).
12
Let t(j) = 3*j**2 + 48*j - 55. Calculate t(3).
116
Let z(d) = 3*d**3 + 29*d**2 - 584*d + 2889. Give z(5).
1069
Let z(r) = 2*r**3 - 119*r**2 - 208*r + 63. Calculate z(-2).
-13
Let s(m) = -23*m**2 + 46378*m + 842265. What is s(-18)?
9
Let s(q) = q**2 - 435*q - 55. Calculate s(0).
-55
Let v(n) = n**3 - 29*n**2 + 48*n + 103. What is v(27)?
-59
Let x(z) = -238423*z + 1192102. What is x(5)?
-13
Let b(t) = -6497*t - 344360. Calculate b(-53).
-19
Let g(a) = 14*a**2 + 1471*a + 13308. What is g(-10)?
-2
Let l(s) = s**3 - 26*s**2 - s - 11. Determine l(-5).
-781
Let j(o) = o**3 - 38*o**2 - 380*o + 417. Calculate j(-9).
30
Let v(x) = -34966*x - 559448. Give v(-16).
8
Let c(r) = r**3 - 12*r**2 + r - 586. What is c(24)?
6350
Let w(x) = -1113*x**3 - 2*x**2 - 33*x - 68. Calculate w(-2).
8894
Let q(d) = 21*d**3 - 144*d**2 + 9*d - 125. Give q(7).
85
Let z(c) = -199*c**2 + 45*c - 66. Calculate z(0).
-66
Let o(u) = -691380*u + 691386. What is o(1)?
6
Let i(w) = w**2 + 41*w - 362. Give i(9).
88
Let w(i) = i**2 - 605*i - 48126. Determine w(-70).
-876
Let t(m) = -58*m**3 + 66930*m**2 + 2303*m + 5776. Determine t(1154).
6
Let p(c) = -24*c**2 + 3380*c - 77854. What is p(29)?
-18
Let w(o) = -1311*o + 78651. What is w(60)?
-9
Let k(t) = -11*t**2 + 2168*t - 10726. Determine k(192).
26
Let n(d) = 646*d - 4103. What is n(4)?
-1519
Let b(k) = -18689*k + 18587. Give b(1).
-102
Let l(f) = 349254*f - 698530. Give l(2).
-22
Let j(h) = -h**3 - 51*h**2 + 289*h + 826. Calculate j(7).
7
Let j(d) = 68*d**2 + 101*d + 205. Determine j(-5).
1400
Let a(s) = 46793*s + 46797. Determine a(-1).
4
Let t(k) = -12*k**2 + 1034*k - 14081. Give t(17).
29
Let x(b) = 11758*b - 293957. Give x(25).
-7
Let q(t) = -18022*t + 1351641. Calculate q(75).
-9
Let p(y) = -y**3 + 117*y**2 + 241*y - 96. Give p(119).
261
Let h(x) = x**3 - 143*x**2 + 828*x + 24. Give h(6).
60
Let m(b) = -61*b**3 - 880*b**2 - 1752*b - 3. Calculate m(-2).
469
Let z(d) = -3*d**2 + 27193*d - 135903. What is z(5)?
-13
Let d(v) = 4*v**2 - 406*v + 7830. Determine d(19).
1560
Let a(b) = -2327*b - 1499016. What is a(-644)?
-428
Let w(c) = 10*c - 296. Calculate w(-18).
-476
Let x(c) = -c**2 - 526*c + 63374. Determine x(101).
47
Let i(o) = 90319*o - 270970. Give i(3).
-13
Let u(a) = -199322*a - 7374913. Give u(-37).
1
Let a(y) = y**3 - 18*y**2 + 61*y - 138. Give a(14).
-68
Let v(x) = -112*x**3 + 1191*x**2 + 1194*x + 3. What is v(-1)?
112
Let r(t) = 223*t + 14412. What is r(-70)?
-1198
Let l(x) = -x**3 + 26*x**2 + 42*x - 86. Determine l(-3).
49
Let d(v) = -v**2 + 2313*v - 30028. Determine d(13).
-128
Let x(f) = 7082*f - 821370. What is x(116)?
142
Let v(x) = -9*x**3 + 4327*x**2 - 3361*x + 475. What is v(480)?
-5
Let v(k) = -39*k**3 - 233*k**2 + 6*k + 30. What is v(-6)?
30
Let m(w) = 154*w**2 + 902*w - 890. Determine m(1).
166
Let m(n) = -n**3 - 141*n**2 + 231*n + 12795. Determine m(-142).
157
Let l(j) = -j**3 - 11*j**2 + 3908*j + 15707. What is l(-4)?
-37
Let l(q) = -q**3 - 541*q**2 - 9281*q + 69561. What is l(-523)?
2
Let m(i) = -214*i**2 - 3021*i + 2833. What is m(-15)?
-2
Let f(z) = 5390*z - 868111. Calculate f(161).
-321
Let r(t) = 109*t**3 - 5557*t**2 - 133*t + 1599. Give r(51).
18
Let f(w) = -1102*w - 484832. Give f(-440).
48
Let j(v) = 266222*v - 1863563. What is j(7)?
-9
Let r(f) = -68*f**2 + 9396*f + 57017. Determine r(144).
-7
Let u(h) = -h**2 + 7600*h + 114346. Calculate u(-15).
121
Let p(i) = 2*i**2 - 583*i - 9530. What is p(307)?
-13
Let r(y) = -23*y**2 - 294*y - 332. Give r(-13).
-397
Let i(k) = -60024*k - 59997. What is i(-1)?
27
Let v(i) = -i**3 + 18*i**2 - 8*i + 45. Determine v(14).
717
Let z(p) = -5*p**3 + 1485*p**2 - 3*p + 605. Give z(297).
-286
Let k(s) = 2*s**2 + 1941*s + 19283. What is k(-10)?
73
Let l(p) = -7*p**3 + 823*p**2 - 1276*p - 10. What is l(116)?
-10
Let i(y) = 3*y**3 + 74*y**2 + 543*y + 4168. What is i(-19)?
-12
Let c(m) = 165*m**2 + 2680*m - 2652. Determine c(1).
193
Let y(h) = 1335*h + 243. Determine y(0).
243
Let l(t) = -9944*t + 507149. What is l(51)?
5
Let p(a) = -267*a**2 - 1268*a + 3760. Give p(3).
-2447
Let q(m) = -3*m**2 + 1206*m + 9584. Determine q(-8).
-256
Let m(u) = u**3 + 13*u**2 + 1753*u + 19254. Give m(-11).
213
Let z(r) = r**2 - 162*r - 2055. Give z(-14).
409
Let z(f) = -3*f**3 + 1014*f**2 + 42868*f - 1545. Determine z(376).
-41
Let b(p) = -p**3 + 48*p**2 + 208*p - 6358. What is b(50)?
-958
Let s(f) = 1261*f + 3895. Determine s(0).
3895
Let k(p) = -2852*p - 1383249. Give k(-485).
-29
Let w(d) = -1245*d + 157. Give w(0).
157
Let y(o) = -o**3 - 10*o**2 - 104*o + 18. Determine y(-9).
873
Let r(l) = l**3 - 15*l**2 + 301*l - 3549. Give r(13).
26
Let z(i) = i**3 - 263*i**2 - 290*i + 6834. Give z(264).
-30
Let p(o) = -9*o**2 + 51335*o + 51343. Calculate p(-1).
-1
Let a(g) = 10973*g + 318242. Determine a(-29).
25
Let a(s) = 907*s - 4537. What is a(5)?
-2
Let z(j) = -3280*j + 242979. Determine z(74).
259
Let n(p) = 76320*p**2 + 457927*p + 53. What is n(-6)?
11
Let y(v) = -5070*v - 147249. Determine y(-29).
-219
Let y(w) = -4*w**2 + 113*w - 581. Give y(38).
-2063
Let s(n) = n**3 + 214*n**2 + 1818*n + 205387. Determine s(-210).
7
Let z(u) = 310*u**2 + 55*u + 6. Determine z(1).
371
Let f(p) = -85*p**2 - 2148*p - 13537. Give f(-13).
22
Let f(m) = 1438*m - 647082. What is f(450)?
18
Let o(v) = -308*v**2 - 1182*v + 40. Determine o(-4).
-160
Let f(a) = 7276716*a - 21830153. Give f(3).
-5
Let n(s) = 9*s**3 + 54*s**2 + 172*s + 1021. Determine n(-6).
-11
Let l(n) = n**3 + 108*n**2 - 634*n + 5678. Give l(-114).
-22
Let x(n) = -266*n**3 - 20*n**2 - 237*n + 257. Give x(1).
-266
Let i(k) = 701*k + 121276. Determine i(-173).
3
Let r(z) = z**2 - 637*z - 22093. Calculate r(-33).
17
Let x(u) = u**3 + 229*u**2 + 9033*u - 30331. What is x(-177)?
-64
Let c(f) = -f**3 - 278*f**2 + 62*f + 17324. Calculate c(-278).
88
Let t(j) = 6*j**3 - 26*j**2 + 10*j - 413. Determine t(6).
7
Let a(i) = -157*i + 17302. Give a(112).
-282
Let k(c) = -2*c**3 - 13*c**2 + 9*c + 248. Determine k(11).
-3888
Let j(y) = 9883*y + 1314432. What is j(-133)?
-7
Let v(d) = 4*d**2 + 596*d + 4639. Determine v(-141).
127
Let h(l) = 19*l**2 + 481*l - 2678. Give h(-30).
-8
Let b(l) = -153*l + 15097. Calculate b(103).
-662
Let x(n) = 110445*n + 6847588. Calculate x(-62).
-2
Let v(y) = -2*y**3 - 124*y**2 + 6784*y + 72. Determine v(35).
-138
Let r(o) = -26*o + 1782. Determine r(61).
196
Let t(c) = 6*c**3 - 411*c**2 + 87*c + 7982. Determine t(68).
26
Let r(y) = -133*y**2 - 1517*y + 3068. Give r(2).
-498
Let i(d) = -5*d**3 + 1444*d**2 + 285*d + 1169. Give i(289).
13
Let l(q) = 3793*q**2 + 159309*q + 143. What is l(-42)?
17
Let d(g) = -902*g**2 - 45995*g + 373. Determine d(-51).
16
Let f(u) = -u**3 - 140*u**2 + 734*u + 139377. Determine f(-138).
-3
Let y(q) = -5*q**3 - 117*q**2 - 772*q - 33. Calculate y(-10).
987
Let b(x) = x**2 - 1934*x + 68475. Give b(36).
147
Let l(f) = -4151*f + 2876631. What is l(693)?
-12
Let x(m) = -23836*m + 4791046. Give x(201).
10
Let r(o) = -3*o**3 - 18*o**2 - 16*o - 273. Determine r(-7).
-14
Let s(t) = 5*t**3 - 590*t**2 - 15*t + 1766. Calculate s(118).
-4
Let x(q) = -q**3 - 270*q**2 - 719*q - 121047. Calculate x(-269).
3
Let i(w) = 61*w**2 - 253*w - 246. Give i(-1).
68
Let j(y) = 103*y**3 - 1861*y**2 + 126*y - 1. Determine j(18).
-1
Let j(f) = 92188*f + 829697. Give j(-9).
5
Let z(g) = -g**3 + 336*g**2 - 4178*g + 1521545. Determine z(337).
-10
Let j(a) = 7*a**2 - 921*a - 395. Calculate j(132).
1
Let m(t) = 2*t**2 - 169*t + 5588. Determine m(54).
2294
Let w(q) = -q**3 + 56*q**2 + 108*q + 3452. Determine w(59).
-619
Let x(r) = -5527*r + 221094. Calculate x(40).
14
Let y(a) = -569*a - 16252. What is y(-29)?
249
Let u(p) = -6*p**3 - 17*p**2 - 141*p - 1030. Give u(-5).
0
Let y(u) = -1714*u - 13820. Give y(-8).
-108
Let n(k) = 5*k**2 + 710*k - 4931. Calculate n(7).
284
Let x(k) = k**3 + 1552*k**2 + 110773*k - 141. What is x(-75)?
9
Let z(c) = 2*c**3 - 85*c**2 - 1139*c + 1337. What is z(53)?
-41
Let t(y) = 10753*y + 107311. Give t(-10).
-219
Let x(n) 